{"id":435,"date":"2018-10-07T11:58:19","date_gmt":"2018-10-07T09:58:19","guid":{"rendered":"http:\/\/185.32.183.148\/ok4md\/?page_id=435"},"modified":"2022-07-01T16:31:22","modified_gmt":"2022-07-01T14:31:22","slug":"hblink-test","status":"publish","type":"page","link":"https:\/\/ok4md.liveu.cz\/index.php\/hblink-test\/","title":{"rendered":"HBlink"},"content":{"rendered":"<p><span style=\"font-size: 16px; font-family: arial, helvetica, sans-serif;\">HBlink Master je p\u0159ipojen k n\u00e1rodn\u00ed radioamat\u00e9rsk\u00e9 OK-DMR s\u00edti jako samostatn\u00fd DMR subMASTER s mo\u017enost\u00ed pln\u011b autonomn\u00edho provozu a\u00a0 propojen\u00ed dal\u0161\u00edch digit\u00e1ln\u00edch syt\u00e9m\u016f (YAESU C4FM, P25, NXDN atd) a DMR s\u00edt\u00ed.<\/span><\/p>\n<p><span style=\"font-size: 16px; font-family: arial, helvetica, sans-serif;\"><strong>P\u0159ipojen\u00ed pro p\u0159evad\u011b\u010de a duplexn\u00ed hotspoty:<\/strong><br \/>\nadresa : 185.91.116.107<\/span><br \/>\n<span style=\"font-size: 16px; font-family: arial, helvetica, sans-serif;\">port: 54005<\/span><br \/>\n<span style=\"font-size: 16px; font-family: arial, helvetica, sans-serif;\">heslo: passw0rd<br \/>\n<em>aktivn\u00ed TalkGroup: 1, 566, 777, 140, testovac\u00ed 987, lok\u00e1ln\u00ed 5<\/em><br \/>\n<\/span><\/p>\n<p><span style=\"font-size: 16px;\"><strong><span style=\"font-family: arial, helvetica, sans-serif;\">P\u0159ipojen\u00ed pro simplexn\u00ed linky a simplexn\u00ed hotspoty:<\/span><\/strong><\/span><br \/>\n<span style=\"font-size: 16px; font-family: arial, helvetica, sans-serif;\">adresa :185.91.116.107<\/span><br \/>\n<span style=\"font-size: 10pt; font-family: arial, helvetica, sans-serif;\"><span style=\"font-size: 16px;\">port: 54010<\/span><br \/>\n<span style=\"font-size: 16px;\">heslo: passw0rd<\/span><br \/>\n<span style=\"font-size: 16px;\"><em>aktivn\u00ed Talkgroup: 1, 566, 777, 140, testovac\u00ed 987, lok\u00e1ln\u00ed 5<\/em><\/span><br \/>\n<\/span><\/p>\n<p><span style=\"font-family: arial black, sans-serif;\"><a href=\"http:\/\/185.91.116.107:8080\/\" target=\"_blank\" rel=\"noopener\"><strong>Dashboard HBlink Master serveru<\/strong><\/a><\/span><\/p>\n<p>&nbsp;<\/p>\n","protected":false},"excerpt":{"rendered":"<div class=\"mh-excerpt\"><p>HBlink Master je p\u0159ipojen k n\u00e1rodn\u00ed radioamat\u00e9rsk\u00e9 OK-DMR s\u00edti jako samostatn\u00fd DMR subMASTER s mo\u017enost\u00ed pln\u011b autonomn\u00edho provozu a\u00a0 propojen\u00ed dal\u0161\u00edch digit\u00e1ln\u00edch syt\u00e9m\u016f (YAESU C4FM, P25, NXDN atd) a DMR s\u00edt\u00ed. P\u0159ipojen\u00ed pro p\u0159evad\u011b\u010de a duplexn\u00ed hotspoty: adresa : 185.91.116.107 port: 54005 <a class=\"mh-excerpt-more\" href=\"https:\/\/ok4md.liveu.cz\/index.php\/hblink-test\/\" title=\"HBlink\">[&#8230;]<\/a><\/p>\n<\/div>","protected":false},"author":1,"featured_media":0,"parent":0,"menu_order":0,"comment_status":"closed","ping_status":"closed","template":"","meta":{"footnotes":""},"class_list":["post-435","page","type-page","status-publish","hentry"],"_links":{"self":[{"href":"https:\/\/ok4md.liveu.cz\/index.php\/wp-json\/wp\/v2\/pages\/435","targetHints":{"allow":["GET"]}}],"collection":[{"href":"https:\/\/ok4md.liveu.cz\/index.php\/wp-json\/wp\/v2\/pages"}],"about":[{"href":"https:\/\/ok4md.liveu.cz\/index.php\/wp-json\/wp\/v2\/types\/page"}],"author":[{"embeddable":true,"href":"https:\/\/ok4md.liveu.cz\/index.php\/wp-json\/wp\/v2\/users\/1"}],"replies":[{"embeddable":true,"href":"https:\/\/ok4md.liveu.cz\/index.php\/wp-json\/wp\/v2\/comments?post=435"}],"version-history":[{"count":5,"href":"https:\/\/ok4md.liveu.cz\/index.php\/wp-json\/wp\/v2\/pages\/435\/revisions"}],"predecessor-version":[{"id":902,"href":"https:\/\/ok4md.liveu.cz\/index.php\/wp-json\/wp\/v2\/pages\/435\/revisions\/902"}],"wp:attachment":[{"href":"https:\/\/ok4md.liveu.cz\/index.php\/wp-json\/wp\/v2\/media?parent=435"}],"curies":[{"name":"wp","href":"https:\/\/api.w.org\/{rel}","templated":true}]}}